 1/(((-8)/(-2))/4). Does 11 divide f(i)?
False
Let o be ((-22)/(-33))/((-2)/(-6)). Suppose -o*x = 6*t - t - 26, -2*t = -3*x - 18. Is t even?
True
Suppose 0 + 2 = 2*r. Let z be (2 - 3)*r*9. Let o = z - -16. Is o a multiple of 7?
True
Does 4 divide (0 + -2 + 1)*-13?
False
Let h(u) = -u**3 + 2*u**2 + 3*u + 4. Let d be h(3). Suppose s - b = 58, s + d*b - 7 = 61. Is s a multiple of 20?
True
Let w(b) be the first derivative of b**4/4 - 11*b**3/3 + b**2/2 - 11*b - 3. Let j be w(11). Suppose 2*z + 3*z - 100 = j. Is 6 a factor of z?
False
Let v(f) = -4*f**3 + 3*f**2 - 2. Let k be v(-2). Suppose 3*g - k = 2*g. Is g a multiple of 23?
False
Let s = -196 + 282. Suppose 0 = -3*u + 13 + s. Is u a multiple of 18?
False
Let c be -1 - 0 - (-4 + -1). Let o(y) be the first derivative of 2*y**3/3 - 3*y**2 + 5*y - 32. Is o(c) a multiple of 5?
False
Let y(f) be the second derivative of f**5/20 + 5*f**4/6 - f**3/6 + 6*f**2 - f. Is y(-10) a multiple of 11?
True
Let g(r) = r**3 - 6*r**2 + 7*r + 7. Let c be (1 - 2)/((-2)/14). Let n be g(c). Suppose 7*f = 2*f + 5*v + n, -v = 3*f - 47. Does 13 divide f?
False
Let k = 157 + -108. Does 12 divide k?
False
Let n be 3 + -3 + 4 + -2. Suppose n*j = 123 - 19. Does 13 divide j?
True
Is 12 a factor of ((-4)/(12/(-267)))/1?
False
Let g be ((-6)/10)/((-2)/10). Does 26 divide g/(12/(-172))*-2?
False
Let a be 28/(2/(-35)*-5). Is a/8 + 5/(-20) a multiple of 11?
False
Let t = 4 + 1. Suppose -t*v + 0*v + 135 = 0. Is v a multiple of 9?
True
Suppose 5*i = -2*t - 2*t + 410, 0 = 4*i - 4*t - 292. Is i a multiple of 12?
False
Suppose 0 = 2*k + 4*d + 8, -3*k - 2*d = -0*k + 12. Let u = 18 + k. Is u a multiple of 7?
True
Let l = -87 - -136. Is 22 a factor of l?
False
Let b be (1/3)/((-4)/12). Let a be b + 2 + (-2 - 1). Is (a - (-15)/9)*-30 a multiple of 10?
True
Suppose 48 - 260 = -2*c. Let u = c - 67. Is 20 a factor of u?
False
Let x(h) = -h**2 + 7*h - 6. Let i be x(5). Suppose -i = -l + 5. Is 7 a factor of l?
False
Let h(i) = 2*i**2 - i - 1. Is h(-6) a multiple of 11?
True
Suppose -1 - 1 = -n. Suppose p - 5*z - 31 = 0, n*z = -2*p - p + 25. Suppose -d = -p - 4. Does 6 divide d?
False
Let x = -21 - -38. Is x a multiple of 3?
False
Let b = -59 + 75. Does 2 divide b?
True
Suppose -99 = -2*s + 2*r - 23, -5*r = -2*s + 91. Does 10 divide s?
False
Suppose 2*h + 92 = 5*x, -x - 3*x = 3*h + 92. Suppose -5*n + 260 = -90. Let f = h + n. Is 16 a factor of f?
False
Let t(s) = -9*s - 5. Is 11 a factor of t(-3)?
True
Suppose 3 = -h - 0. Suppose 2*r - 13 = -o + 171, -5*r + 474 = -o. Does 17 divide r*h/(-6 - 0)?
False
Suppose 91 - 22 = 3*m. Suppose -2*p - 1 = -m. Is p a multiple of 4?
False
Let f be (-2)/(1 - 1 - -2). Let q(n) = 6*n**2 - n - 1. Is q(f) a multiple of 6?
True
Let w(k) = 2*k - 3 - k**2 - 4*k - 4*k. Is w(-3) a multiple of 3?
True
Does 9 divide (0 + 1)/(3/39)?
False
Let j = 50 + -29. Is 16 a factor of j?
False
Let u = -13 + 26. Let f = 6 + u. Let w = f - 12. Is 7 a factor of w?
True
Let g = 73 + 67. Is g a multiple of 28?
True
Let z be (-2)/(-1 - -3) + -31. Suppose -3*c + 1134 = 18*c. Let o = c + z. Is 12 a factor of o?
False
Let k(m) = -68*m + 42. Is k(-6) a multiple of 15?
True
Let k be (-18)/15*(-15)/6. Suppose -2*a - 11 = k. Let l(o) = o**2 + o - 2. Is l(a) a multiple of 17?
False
Let z = -28 - -88. Is 10 a factor of z?
True
Suppose 2*h = -0*h + 306. Suppose 7*k - 4*k - h = 0. Let s = -25 + k. Does 9 divide s?
False
Does 7 divide (1 - -20)*((-10)/15 - -3)?
True
Let n(v) = v**3 + 7*v**2 - 8*v + 2. Let q be n(-8). Suppose -5*r + o = -83, -q*o + 3*o - 70 = -4*r. Is r a multiple of 17?
True
Suppose 4*h - 27 = 69. Is h a multiple of 6?
True
Let u(p) = -14*p - 3. Let f(d) = 15*d + 3. Let j(i) = -3*f(i) - 2*u(i). Is 16 a factor of j(-3)?
True
Is 3 a factor of 4/(-14) + (-1416)/(-56)?
False
Let k = -2 - -11. Does 10 divide (-1 + 10)/(k/24)?
False
Suppose 6 = 2*n - 3*b, -n + 1 = 3*b - 2. Let j = 0 + n. Suppose 7*k - j*k - 80 = 0. Does 20 divide k?
True
Let j = 7 - -2. Let m be j/(-2)*2/(-3). Suppose d + 4*w - 10 = 0, -m*w = 5*d + 14 - 115. Does 10 divide d?
False
Suppose -5*x + 12 = 2. Suppose 2*d - 50 = u - 4, -x*d + 34 = -4*u. Is d a multiple of 13?
False
Let p(z) = z**2 + 12. Let i be 2/5 - 14/35. Is 4 a factor of p(i)?
True
Suppose 3*w - 3*f = w + 19, 3 = -f. Suppose -2*p - 3*p = -2*j + 23, -j + 13 = -4*p. Let m = j - w. Is m even?
True
Suppose 3*o + 2*o - 2*z = 259, 0 = 3*z + 6. Does 40 divide o?
False
Let q = 158 - 99. Does 13 divide q?
False
Does 18 divide -11*(-44 - 1) - (-30 - -34)?
False
Suppose 223 = 4*d - 0*f + 5*f, 0 = -5*d + 2*f + 254. Does 13 divide d?
True
Suppose 0 = 20*c - 15*c - 60. Does 3 divide c?
True
Let z(h) = h + 12. Is z(6) a multiple of 18?
True
Is 8 a factor of 1*47/(-2)*-2?
False
Let y be 8/(-4) + 34/2. Suppose -3*s + y = -d + 3*d, 3*s = 3*d. Is (10/(-6))/(s/(-9)) a multiple of 2?
False
Let u(q) = q + 2. Let g be u(-4). Let c(h) be the second derivative of -2*h**3 - h**2 - 2*h. Is c(g) a multiple of 8?
False
Suppose -2*i = -3*j - 6*i + 271, -239 = -3*j + 4*i. Does 16 divide j?
False
Suppose 8*f = 2*f + 504. Is 12 a factor of f?
True
Let f(j) = j**3 - 8*j**2 - 9*j + 2. Let m be f(9). Suppose 4*k = -m*w + 154, 6 + 0 = -2*w. Is 15 a factor of k?
False
Let p = -28 + 54. Does 26 divide p?
True
Suppose 0 = 5*p + g - 15, 0*p + 2*g = -2*p - 2. Let i be 10/p*(-96)/(-40). Suppose 3*h = 3*a + h - 41, -3*h + i = 0. Is a a multiple of 13?
False
Let o = 0 + 2. Suppose -o*w + 21 = 5*j, -1 - 2 = -2*j + w. Suppose -j*a = -5*c - 6, 4*c - 17 = -3*a + 16. Does 7 divide a?
True
Suppose -4*l - 8 = -24. Suppose r = -2*n - 2*r + 30, -3*r = -l*n + 60. Is n a multiple of 15?
True
Let f(d) be the second derivative of d**5/20 + d**4/2 + 2*d. Does 8 divide f(-5)?
False
Let x(v) = -v**3 - 2*v**2 + 3*v + 2. Suppose 20 = -2*q - 3*q. Is 10 a factor of x(q)?
False
Suppose 0 = -4*l - 4*g + 148, 2*g = 7*g + 10. Is 13 a factor of l?
True
Suppose 5*a - b = 215, 4*b - 64 = -3*a + 2*a. Is a a multiple of 11?
True
Suppose 16*g + 2*v - 112 = 15*g, 5*g - 500 = 5*v. Is 13 a factor of g?
True
Let g(v) = -4 + 2*v - 2 - 6. Does 5 divide g(9)?
False
Suppose -4 = -i, 2*f - 5*i = 4*f - 248. Does 52 divide f?
False
Suppose 0 = 4*d - 2*d - 138. Does 23 divide d?
True
Let k(w) = -7*w**3 - 3*w**2 + 15*w + 6. Let y(p) = -p**3 + p**2 + p - 1. Let m(f) = -k(f) + 6*y(f). Does 22 divide m(-9)?
False
Suppose 0 = -g + 2*q + 14, -4*q = -g + 29 - 5. Let m = 6 - g. Suppose 14 = -t + m*t. Is t a multiple of 5?
False
Let j = -144 - -234. Is 18 a factor of j?
True
Suppose -3*c - 20 = 5*q + 27, c = -q - 9. Let u be (-34)/q - (-6)/(-15). Is u + -3 - 30/(-1) a multiple of 15?
True
Suppose -3*k + 3 = -l, 0 = 3*l - 8*l - 4*k + 4. Suppose l = 5*n - 3*n + 4*s + 2, -5*n - s = -40. Is n a multiple of 3?
True
Suppose -7 = -t + 8. Is t a multiple of 3?
True
Suppose 0 = -4*a - 16, t + 5*a - 168 = -3*t. Does 7 divide t?
False
Suppose 0 = -4*l + 5*y + 1, l + 0*y - 2*y - 1 = 0. Let t = 8 - l. Let n = t - -8. Does 17 divide n?
True
Let z(f) = 2*f - 13. Let y(j) = j + 29. Let w(v) = 2*v + 44. Let k(h) = -5*w(h) + 8*y(h). Let p(a) = -6*k(a) - 5*z(a). Is p(8) a multiple of 9?
True
Suppose 190 = 2*t - 42. Suppose 0 = 3*g - 5*a - t, -6*a + 52 = g - a. Does 14 divide g?
True
Let u = 6 + -5. Let i be (-2)/(3 - u)*9. Let y(v) = -v - 3. Is y(i) a multiple of 3?
True
Let u be ((-4)/(-5))/((-2)/(-25)). Let c be 5/u + (-10)/(-4). Suppose -4*l = l - 3*n - 186, 4*l - 138 = -c*n. Does 14 divide l?
False
Let o be -1 + (-2 - -2) - -4. Let y = 13 + -2. Let v = y - o. Is 4 a factor of v?
True
Suppose 5 = 2*d - 53. Let f be (d/(-2))/((-1)/2). Is f + -1 + (0 - 0) a multiple of 16?
False
Let n be -9*((-68)/(-3))/1. Does 17 divide ((-5)/2)/(6/n)?
True
Suppose 3*f + 3*c - c = 9, -2*c - 1 = f. Suppose 2*s - f*s = -57. Suppose 20 = 4*v, -4*q + v + 88 = -s. Is q a multiple of 13?
False
Does 5 divide (-1 - -3 - 3)*-10?
True
Let j be ((-3)/6)/((-2)/4). Let y = 25 - j. Does 12 divide y?
True
Suppose -49 - 41 = 5*l. Is 18 a factor of (-1041)/(-18) + (-3)/l?
False
Let b(n) = -81*n - 59. Is 15 a factor of b(-5)?
False
Suppose 2*t = -13 + 163. Let j be 11/3 - (-6)/(-9). Suppose -27 = -5*h - n + t, -j*n = h - 26. Is 15 a factor of h?
False
Let k be 8/(-6)*(-6)/(-2). Let n be 15 + 1/((-2)/k). Suppose -2*q = -23 - n. Is 10 a factor of q?
Tru